n base 4?
-12
What is -15 (base 6) in base 4?
-23
Convert 135 (base 9) to base 5.
423
What is -4 (base 13) in base 2?
-100
What is -5b (base 15) in base 16?
-56
-34 (base 14) to base 4
-232
Convert -2 (base 6) to base 14.
-2
What is 100010 (base 2) in base 11?
31
What is -133 (base 5) in base 14?
-31
What is 4 (base 16) in base 2?
100
What is 55 (base 10) in base 6?
131
Convert 10 (base 11) to base 8.
13
What is 232 (base 4) in base 13?
37
Convert 47 (base 12) to base 8.
67
What is 1001 (base 2) in base 11?
9
Convert 304 (base 5) to base 8.
117
-4 (base 16) to base 14
-4
Convert 1 (base 12) to base 3.
1
-2103 (base 5) to base 3
-101022
-2 (base 14) to base 5
-2
-4 (base 9) to base 10
-4
2112 (base 3) to base 11
62
What is 2 (base 3) in base 10?
2
What is -3 (base 11) in base 2?
-11
What is -7 (base 15) in base 13?
-7
5 (base 13) to base 11
5
Convert -10 (base 7) to base 10.
-7
What is 7 (base 12) in base 7?
10
What is 2 (base 7) in base 13?
2
Convert 3 (base 14) to base 16.
3
Convert 3 (base 10) to base 9.
3
Convert -201 (base 4) to base 14.
-25
Convert 0 (base 7) to base 3.
0
Convert -1 (base 13) to base 10.
-1
What is -2 (base 6) in base 3?
-2
What is 20 (base 3) in base 8?
6
-1 (base 10) to base 9
-1
Convert -1 (base 16) to base 9.
-1
Convert 1111 (base 4) to base 12.
71
-5 (base 14) to base 16
-5
Convert 21 (base 4) to base 6.
13
Convert 20 (base 9) to base 13.
15
Convert -11 (base 3) to base 12.
-4
3 (base 15) to base 10
3
15 (base 11) to base 16
10
-48 (base 13) to base 9
-66
Convert 1 (base 6) to base 15.
1
Convert 1000 (base 2) to base 6.
12
Convert b (base 12) to base 2.
1011
-3 (base 16) to base 2
-11
What is -1101 (base 2) in base 8?
-15
Convert 20 (base 13) to base 15.
1b
Convert 40 (base 8) to base 7.
44
102 (base 10) to base 14
74
What is -10 (base 3) in base 10?
-3
54 (base 6) to base 7
46
What is -114 (base 5) in base 10?
-34
-8 (base 11) to base 3
-22
What is -10 (base 9) in base 15?
-9
Convert -3 (base 7) to base 13.
-3
What is 0 (base 15) in base 14?
0
-1b2 (base 12) to base 9
-338
What is 101010 (base 2) in base 7?
60
1 (base 14) to base 9
1
What is 4 (base 9) in base 3?
11
-4 (base 16) to base 6
-4
What is -9 (base 12) in base 2?
-1001
-1200 (base 3) to base 2
-101101
-9 (base 15) to base 11
-9
What is 4 (base 6) in base 12?
4
What is -8 (base 16) in base 14?
-8
What is 46 (base 15) in base 4?
1002
Convert 61 (base 12) to base 10.
73
Convert -37 (base 16) to base 3.
-2001
0 (base 11) to base 2
0
1 (base 5) to base 4
1
What is -10 (base 3) in base 10?
-3
What is 100 (base 2) in base 10?
4
Convert 64 (base 7) to base 11.
42
What is -1 (base 16) in base 3?
-1
Convert 35 (base 12) to base 6.
105
What is 0 (base 6) in base 9?
0
Convert -2 (base 14) to base 12.
-2
-5 (base 6) to base 4
-11
What is 4 (base 5) in base 10?
4
What is 0 (base 11) in base 3?
0
Convert 5 (base 6) to base 16.
5
-100001 (base 2) to base 15
-23
-4 (base 14) to base 9
-4
60 (base 12) to base 13
57
What is 10 (base 2) in base 7?
2
2a (base 13) to base 16
24
What is 14 (base 14) in base 5?
33
Convert -1 (base 10) to base 11.
-1
What is -2 (base 4) in base 15?
-2
What is 2 (base 9) in base 2?
10
What is -3 (base 15) in base 16?
-3
-8 (base 16) to base 10
-8
What is -11101 (base 2) in base 6?
-45
What is -34 (base 11) in base 3?
-1101
201 (base 5) to base 10
51
What is 0 (base 10) in base 2?
0
What is 7 (base 11) in base 14?
7
Convert 4 (base 5) to base 2.
100
What is -23 (base 12) in base 15?
-1c
What is -327 (base 9) in base 2?
-100001100
Convert 31 (base 6) to base 9.
21
Convert -52 (base 6) to base 9.
-35
24 (base 13) to base 8
36
-20 (base 12) to base 7
-33
What is -17 (base 14) in base 13?
-18
What is -1 (base 3) in base 13?
-1
Convert 0 (base 6) to base 5.
0
-2 (base 10) to base 7
-2
30 (base 6) to base 7
24
158 (base 14) to base 6
1134
16 (base 9) to base 3
120
Convert -137 (base 15) to base 12.
-1b1
Convert 1 (base 6) to base 9.
1
12 (base 8) to base 7
13
303 (base 5) to base 7
141
What is 4 (base 6) in base 3?
11
Convert -133 (base 8) to base 11.
-83
Convert -101110010 (base 2) to base 15.
-19a
Convert 2 (base 13) to base 11.
2
What is -20 (base 4) in base 12?
-8
0 (base 10) to base 15
0
110 (base 2) to base 15
6
What is -1 (base 12) in base 8?
-1
131 (base 4) to base 3
1002
What is -2 (base 11) in base 4?
-2
What is -13 (base 11) in base 13?
-11
26 (base 12) to base 6
50
2 (base 4) to base 2
10
-2 (base 8) to base 12
-2
Convert 7 (base 16) to base 3.
21
Convert 102 (base 3) to base 11.
10
What is -3 (base 4) in base 13?
-3
Convert 1 (base 16) to base 7.
1
47 (base 15) to base 14
4b
Convert -100 (base 4) to base 2.
-10000
What is 120 (base 4) in base 9?
26
Convert -5 (base 13) to base 7.
-5
12 (base 8) to base 9
11
Convert 30 (base 4) to base 5.
22
Convert -1 (base 10) to base 8.
-1
What is -1 (base 3) in base 4?
-1
What is 10 (base 6) in base 7?
6
-48 (base 12) to base 15
-3b
What is 32 (base 11) in base 12?
2b
What is -22 (base 7) in base 6?
-24
Convert -24 (base 10) to base 8.
-30
48 (base 12) to base 16
38
What is 112 (base 7) in base 12?
4a
What is -415 (base 6) in base 11?
-131
-3 (base 5) to base 8
-3
Convert 20111 (base 3) to base 4.
2233
What is 1010 (base 2) in base 10?
10
80 (base 15) to base 7
231
-1 (base 10) to base 13
-1
Convert -102 (base 8) to base 10.
-66
What is 3 (base 8) in base 12?
3
Convert -242 (base 6) to base 11.
-8a
Convert -101 (base 2) to base 4.
-11
-200 (base 6) to base 13
-57
Convert -24 (base 7) to base 15.
-13
What is 1 (base 10) in base 3?
1
0 (base 11) to base 12
0
What is 2 (base 8) in base 5?
2
Convert -29 (base 11) to base 15.
-21
11 (base 15) to base 14
12
What is -4 (base 9) in base 7?
-4
-1 (base 6) to base 16
-1
20 (base 5) to base 7
13
What is -14 (base 10) in base 11?
-13
-32 (base 4) to base 15
-e
56 (base 15) to base 10
81
-10001 (base 2) to base 7
-23
What is 67 (base 13) in base 9?
104
11 (base 3) to base 15
4
Convert -23 (base 9) to base 15.
-16
-101 (base 2) to base 16
-5
1011 (base 2) to base 7
14
What is 181 (base 10) in base 2?
10110101
What is 6 (base 11) in base 2?
110
-16 (base 11) to base 12
-15
-10010000 (base 2) to base 10
-144
-a (base 16) to base 7
-13
What is -4 (base 10) in base 12?
-4
Convert -43 (base 10) to base 5.
-133
Convert -1a (base 12) to base 2.
-10110
-206 (base 7) to base 14
-76
7b (base 14) to base 8
155
What is -1 (base 11) in base 10?
-1
-1 (base 12) to base 4
-1
What is -45 (base 8) in base 10?
-37
0 (base 15) to base 8
0
-2 (base 6) to base 16
-2
What is 22 (base 5) in base 7?
15
What is -1 (base 2) in base 10?
-1
What is 100 (base 2) in base 10?
4
-41 (base 7) to base 15
-1e
412 (base 10) to base 15
1c7
1 (base 13) to base 3
1
What is 5b (base 15) in base 16?
56
-303 (base 5) to base 15
-53
12 (base 3) to base 4
11
Convert 0 (base 4) to base 12.
0
Convert -14 (base 8) to base 9.
-13
Convert -32 (base 6) to base 11.
-19
1 (base 12) to base 14
1
What is 1 (base 5) in base 3?
1
Convert 120 (base 3) to base 13.
12
Convert -260 (base 7) to base 8.
-214
-1000 (base 3) to base 10
-27
3 (base 7) to base 2
11
Convert 175 (base 11) to base 10.
203
What is -34 (base 5) in base 13?
-16
-5 (base 10) to base 15
-5
11 (base 10) to base 4
23
Convert 12 (base 3) to base 8.
5
What is -4 (base 10) in base 7?
-4
-15 (base 13) to base 8
-22
Convert -1c (base 13) to base 15.
-1a
136 (base 7) to base 6
204
What is -23 (base 7) in base 4?
-101
What is -2 (base 16) in base 2?
-10
-212 (base 4) to base 11
-35
What is -2 (base 15) in base 3?
-2
What is 2 (base 9) in base 15?
2
Convert -1 (base 10) to base 2.
-1
-10 (base 5) to base 16
-5
What is -3 (base 16) in base 3?
-10
-403 (base 5) to base 8
-147
Convert -6 (base 9) to base 2.
-110
Convert -1 (base 16) to base 9.
-1
367 (base 8) to base 16
f7
What is -3 (base 12) in base 16?
-3
Convert 22 (base 9) to base 10.
20
Convert 14 (base 10) to base 12.
12
Convert 21 (base 3) to base 12.
7
Convert 221 (base 4) to base 11.
38
-15 (base 8) to base 13
-10
Convert 266 (base 7) to base 14.
a6
What is 242 (base 5) in base 15?
4c
79 (base 12) to base 13
72
What is 2103 (base 4) in base 13?
b4
Convert 2b (base 15) to base 8.
51
111 (base 3) to base 5
23
Convert 0 (base 4) to base 15.
0
Convert 1 (base 5) to base 7.
1
22 (base 6) to base 12
12
Convert -1